{"id":27,"date":"2018-08-21T10:30:11","date_gmt":"2018-08-21T10:30:11","guid":{"rendered":"https:\/\/www.menjam.cat\/?page_id=27"},"modified":"2022-08-24T17:30:58","modified_gmt":"2022-08-24T15:30:58","slug":"plats","status":"publish","type":"page","link":"https:\/\/www.menjam.cat\/ca\/plats\/","title":{"rendered":"Plats"},"content":{"rendered":"<p>Defensem els productes de proximitat i ecol\u00f2gics. Priorit\u00e0riament comprem la mat\u00e8ria prima a productors locals de la Vall d\u2019en Bas i la Garrotxa, apostant per all\u00f2 que ha estat cultivat i produ\u00eft prop de casa nostra. D\u2019aquesta manera evitem despla\u00e7aments innecessaris i donem valor a all\u00f2 que \u00e9s m\u00e9s proper. En la mesura que ens \u00e9s possible, cuinem amb aliments d\u2019agricultura ecol\u00f2gica.<\/p>\n<p>Informem del qu\u00e8 menges, certificant la tra\u00e7abilitat i la qualitat de tots els nostres productes, \u00e9s a dir, coneixem l\u2019origen de totes les mat\u00e8ries primeres que comprem i en fem un seguiment perqu\u00e8 mantinguin les seves propietats fins arribar a la teva taula.<\/p>\n<p>Tamb\u00e9 oferim el servei de C\u00e0tering per a reunions, celebracions i altres actes. Els nostres punts forts s\u00f3n la cuina tradicional catalana, els productes de proximitat i un servei a mida.<br \/>\nDemana aqu\u00ed el teu pressupost.<\/p>\n<p>Cerquem men\u00fas equilibrats perqu\u00e8 considerem que l\u2019alimentaci\u00f3 ha de ser variada, agradable i suficient. Per aix\u00f2 redu\u00efm els fregits i el menjar r\u00e0pid i potenciem la fruita, la verdura, els llegums, els l\u00e0ctics, la carn i el peix frescos.<\/p>\n<p>Al nostre cat\u00e0leg trobar\u00e0s la informaci\u00f3 del plats que fem, consells de preparaci\u00f3 i presentaci\u00f3.<\/p>\n","protected":false},"excerpt":{"rendered":"<p>Defensem els productes de proximitat i ecol\u00f2gics. Priorit\u00e0riament comprem la mat\u00e8ria prima a productors locals de la Vall d\u2019en Bas i la Garrotxa, apostant per all\u00f2 que ha estat cultivat i produ\u00eft prop de casa nostra. D\u2019aquesta manera evitem despla\u00e7aments innecessaris i donem valor a all\u00f2 que \u00e9s m\u00e9s proper. En la mesura que ens [&hellip;]<\/p>\n","protected":false},"author":1,"featured_media":0,"parent":0,"menu_order":0,"comment_status":"closed","ping_status":"open","template":"pagePlats.php","meta":{"_acf_changed":false,"footnotes":""},"class_list":["post-27","page","type-page","status-publish","hentry"],"acf":[],"_links":{"self":[{"href":"https:\/\/www.menjam.cat\/ca\/wp-json\/wp\/v2\/pages\/27","targetHints":{"allow":["GET"]}}],"collection":[{"href":"https:\/\/www.menjam.cat\/ca\/wp-json\/wp\/v2\/pages"}],"about":[{"href":"https:\/\/www.menjam.cat\/ca\/wp-json\/wp\/v2\/types\/page"}],"author":[{"embeddable":true,"href":"https:\/\/www.menjam.cat\/ca\/wp-json\/wp\/v2\/users\/1"}],"replies":[{"embeddable":true,"href":"https:\/\/www.menjam.cat\/ca\/wp-json\/wp\/v2\/comments?post=27"}],"version-history":[{"count":16,"href":"https:\/\/www.menjam.cat\/ca\/wp-json\/wp\/v2\/pages\/27\/revisions"}],"predecessor-version":[{"id":1739,"href":"https:\/\/www.menjam.cat\/ca\/wp-json\/wp\/v2\/pages\/27\/revisions\/1739"}],"wp:attachment":[{"href":"https:\/\/www.menjam.cat\/ca\/wp-json\/wp\/v2\/media?parent=27"}],"curies":[{"name":"wp","href":"https:\/\/api.w.org\/{rel}","templated":true}]}}

<p>Defensem els productes de proximitat i ecològics. Prioritàriament comprem la matèria prima a productors locals de la Vall d’en Bas i la Garrotxa, apostant per allò que ha estat cultivat i produït prop de casa nostra. D’aquesta manera evitem desplaçaments innecessaris i donem valor a allò que és més proper. En la mesura que ens és possible, cuinem amb aliments d’agricultura ecològica.</p>
<p>Informem del què menges, certificant la traçabilitat i la qualitat de tots els nostres productes, és a dir, coneixem l’origen de totes les matèries primeres que comprem i en fem un seguiment perquè mantinguin les seves propietats fins arribar a la teva taula.</p>
<p>També oferim el servei de Càtering per a reunions, celebracions i altres actes. Els nostres punts forts són la cuina tradicional catalana, els productes de proximitat i un servei a mida.<br />
Demana aquí el teu pressupost.</p>
<p>Cerquem menús equilibrats perquè considerem que l’alimentació ha de ser variada, agradable i suficient. Per això reduïm els fregits i el menjar ràpid i potenciem la fruita, la verdura, els llegums, els làctics, la carn i el peix frescos.</p>
<p>Al nostre catàleg trobaràs la informació del plats que fem, consells de preparació i presentació.</p>

<p>Defensem els productes de proximitat i ecològics. Prioritàriament comprem la matèria prima a productors locals de la Vall d’en Bas i la Garrotxa, apostant per allò que ha estat cultivat i produït prop de casa nostra. D’aquesta manera evitem desplaçaments innecessaris i donem valor a allò que és més proper. En la mesura que ens [&hellip;]</p>
